{"id":52,"date":"2023-01-18T11:49:03","date_gmt":"2023-01-18T10:49:03","guid":{"rendered":"https:\/\/update.jessica-scheler.de\/neuss\/?page_id=52"},"modified":"2024-07-24T12:03:10","modified_gmt":"2024-07-24T10:03:10","slug":"jobs","status":"publish","type":"page","link":"https:\/\/jessica-scheler.de\/neuss\/jobs\/","title":{"rendered":"Jobs"},"content":{"rendered":"\t\t<div data-elementor-type=\"wp-page\" data-elementor-id=\"52\" class=\"elementor elementor-52\" data-elementor-post-type=\"page\">\n\t\t\t\t\t\t<section class=\"elementor-section elementor-top-section elementor-element elementor-element-15e7db69 elementor-section-full_width elementor-section-height-default elementor-section-height-default\" data-id=\"15e7db69\" data-element_type=\"section\" data-e-type=\"section\">\n\t\t\t\t\t\t<div class=\"elementor-container elementor-column-gap-no\">\n\t\t\t\t\t<div class=\"elementor-column elementor-col-100 elementor-top-column elementor-element elementor-element-1e5a8b25\" data-id=\"1e5a8b25\" data-element_type=\"column\" data-e-type=\"column\">\n\t\t\t<div class=\"elementor-widget-wrap elementor-element-populated\">\n\t\t\t\t\t\t<div class=\"elementor-element elementor-element-7f24f5eb elementor--h-position-center elementor--v-position-middle elementor-arrows-position-inside elementor-widget elementor-widget-slides\" data-id=\"7f24f5eb\" data-element_type=\"widget\" data-e-type=\"widget\" data-settings=\"{&quot;transition&quot;:&quot;fade&quot;,&quot;navigation&quot;:&quot;arrows&quot;,&quot;autoplay&quot;:&quot;yes&quot;,&quot;pause_on_hover&quot;:&quot;yes&quot;,&quot;pause_on_interaction&quot;:&quot;yes&quot;,&quot;autoplay_speed&quot;:5000,&quot;infinite&quot;:&quot;yes&quot;,&quot;transition_speed&quot;:500}\" data-widget_type=\"slides.default\">\n\t\t\t\t<div class=\"elementor-widget-container\">\n\t\t\t\t\t\t\t\t\t<div class=\"elementor-swiper\">\n\t\t\t\t\t<div class=\"elementor-slides-wrapper elementor-main-swiper swiper\" role=\"region\" aria-roledescription=\"carousel\" aria-label=\"Slider\" dir=\"ltr\" data-animation=\"fadeInUp\">\n\t\t\t\t<div class=\"swiper-wrapper elementor-slides\">\n\t\t\t\t\t\t\t\t\t\t<div class=\"elementor-repeater-item-db12b53 swiper-slide\" role=\"group\" aria-roledescription=\"slide\"><div class=\"swiper-slide-bg elementor-ken-burns elementor-ken-burns--out\" role=\"img\" aria-label=\"expertise_nhartmann2.jpg\"><\/div><div class=\"swiper-slide-inner\" ><div class=\"swiper-slide-contents\"><div class=\"elementor-slide-heading\">Wir suchen Dich<\/div><\/div><\/div><\/div>\t\t\t\t<\/div>\n\t\t\t\t\t\t\t<\/div>\n\t\t\t\t<\/div>\n\t\t\t\t\t\t\t\t<\/div>\n\t\t\t\t<\/div>\n\t\t\t\t\t<\/div>\n\t\t<\/div>\n\t\t\t\t\t<\/div>\n\t\t<\/section>\n\t\t\t\t<section class=\"elementor-section elementor-top-section elementor-element elementor-element-44e72b6f elementor-section-boxed elementor-section-height-default elementor-section-height-default\" data-id=\"44e72b6f\" data-element_type=\"section\" data-e-type=\"section\">\n\t\t\t\t\t\t<div class=\"elementor-container elementor-column-gap-no\">\n\t\t\t\t\t<div class=\"elementor-column elementor-col-100 elementor-top-column elementor-element elementor-element-bb521aa\" data-id=\"bb521aa\" data-element_type=\"column\" data-e-type=\"column\">\n\t\t\t<div class=\"elementor-widget-wrap elementor-element-populated\">\n\t\t\t\t\t\t<div class=\"elementor-element elementor-element-4659cc3e elementor-widget elementor-widget-heading\" data-id=\"4659cc3e\" data-element_type=\"widget\" data-e-type=\"widget\" data-widget_type=\"heading.default\">\n\t\t\t\t<div class=\"elementor-widget-container\">\n\t\t\t\t\t<h1 class=\"elementor-heading-title elementor-size-default\">Werde Teil unseres Teams<\/h1>\t\t\t\t<\/div>\n\t\t\t\t<\/div>\n\t\t\t\t<div class=\"elementor-element elementor-element-2932e38c elementor-widget-divider--view-line elementor-widget elementor-widget-divider\" data-id=\"2932e38c\" data-element_type=\"widget\" data-e-type=\"widget\" data-widget_type=\"divider.default\">\n\t\t\t\t<div class=\"elementor-widget-container\">\n\t\t\t\t\t\t\t<div class=\"elementor-divider\">\n\t\t\t<span class=\"elementor-divider-separator\">\n\t\t\t\t\t\t<\/span>\n\t\t<\/div>\n\t\t\t\t\t\t<\/div>\n\t\t\t\t<\/div>\n\t\t\t\t<div class=\"elementor-element elementor-element-7588dd51 elementor-widget elementor-widget-text-editor\" data-id=\"7588dd51\" data-element_type=\"widget\" data-e-type=\"widget\" data-widget_type=\"text-editor.default\">\n\t\t\t\t<div class=\"elementor-widget-container\">\n\t\t\t\t\t\t\t\t\t<p>Du suchst eine neue Herausforderung und bist Friseur\/-in aus Leidenschaft?<br \/>Du m\u00f6chtest gerne in einem modernen Salon arbeiten der dir unterschiedlichen Weiterbildungsm\u00f6glichkeiten anbietet?<\/p><p>Und du bist ein Teamplayer und eine nette Teamatmosph\u00e4re ist dir wichtig? <br \/>Dann bewirb&#8216; Dich jetzt und wir freuen uns jetzt schon Dich pers\u00f6nlich kennen zu lernen<\/p>\t\t\t\t\t\t\t\t<\/div>\n\t\t\t\t<\/div>\n\t\t\t\t\t<\/div>\n\t\t<\/div>\n\t\t\t\t\t<\/div>\n\t\t<\/section>\n\t\t\t\t<section class=\"elementor-section elementor-top-section elementor-element elementor-element-4f675504 elementor-section-boxed elementor-section-height-default elementor-section-height-default\" data-id=\"4f675504\" data-element_type=\"section\" data-e-type=\"section\">\n\t\t\t\t\t\t<div class=\"elementor-container elementor-column-gap-no\">\n\t\t\t\t\t<div class=\"elementor-column elementor-col-100 elementor-top-column elementor-element elementor-element-3257fc8a\" data-id=\"3257fc8a\" data-element_type=\"column\" data-e-type=\"column\">\n\t\t\t<div class=\"elementor-widget-wrap elementor-element-populated\">\n\t\t\t\t\t\t<div class=\"elementor-element elementor-element-3d8a7900 elementor-button-align-center elementor-widget elementor-widget-form\" data-id=\"3d8a7900\" data-element_type=\"widget\" data-e-type=\"widget\" data-settings=\"{&quot;step_next_label&quot;:&quot;N\\u00e4chster&quot;,&quot;step_previous_label&quot;:&quot;Voriger&quot;,&quot;button_width&quot;:&quot;100&quot;,&quot;step_type&quot;:&quot;number_text&quot;,&quot;step_icon_shape&quot;:&quot;circle&quot;}\" data-widget_type=\"form.default\">\n\t\t\t\t<div class=\"elementor-widget-container\">\n\t\t\t\t\t\t\t<form class=\"elementor-form\" method=\"post\" id=\"jobs_neuss\" name=\"Kontaktformular_Neuss\" aria-label=\"Kontaktformular_Neuss\">\n\t\t\t<input type=\"hidden\" name=\"post_id\" value=\"52\"\/>\n\t\t\t<input type=\"hidden\" name=\"form_id\" value=\"3d8a7900\"\/>\n\t\t\t<input type=\"hidden\" name=\"referer_title\" value=\"Jobs - Jessica Scheler - hair professionals - Neuss\" \/>\n\n\t\t\t\t\t\t\t<input type=\"hidden\" name=\"queried_id\" value=\"52\"\/>\n\t\t\t\n\t\t\t<div class=\"elementor-form-fields-wrapper elementor-labels-above\">\n\t\t\t\t\t\t\t\t<div class=\"elementor-field-type-text elementor-field-group elementor-column elementor-field-group-field_423423 elementor-col-50 elementor-field-required elementor-mark-required\">\n\t\t\t\t\t\t\t\t\t\t\t\t<label for=\"form-field-field_423423\" class=\"elementor-field-label\">\n\t\t\t\t\t\t\t\t<b>Vorname<\/b>\t\t\t\t\t\t\t<\/label>\n\t\t\t\t\t\t\t\t\t\t\t\t\t\t<input size=\"1\" type=\"text\" name=\"form_fields[field_423423]\" id=\"form-field-field_423423\" class=\"elementor-field elementor-size-sm  elementor-field-textual\" required=\"required\">\n\t\t\t\t\t\t\t\t\t\t\t<\/div>\n\t\t\t\t\t\t\t\t<div class=\"elementor-field-type-text elementor-field-group elementor-column elementor-field-group-field_65677 elementor-col-50 elementor-field-required elementor-mark-required\">\n\t\t\t\t\t\t\t\t\t\t\t\t<label for=\"form-field-field_65677\" class=\"elementor-field-label\">\n\t\t\t\t\t\t\t\t<b>Nachname<\/b>\t\t\t\t\t\t\t<\/label>\n\t\t\t\t\t\t\t\t\t\t\t\t\t\t<input size=\"1\" type=\"text\" name=\"form_fields[field_65677]\" id=\"form-field-field_65677\" class=\"elementor-field elementor-size-sm  elementor-field-textual\" required=\"required\">\n\t\t\t\t\t\t\t\t\t\t\t<\/div>\n\t\t\t\t\t\t\t\t<div class=\"elementor-field-type-text\">\n\t\t\t\t\t<input size=\"1\" type=\"text\" name=\"form_fields[field_gg5g5h]\" id=\"form-field-field_gg5g5h\" class=\"elementor-field elementor-size-sm \" style=\"display:none !important;\">\t\t\t\t<\/div>\n\t\t\t\t\t\t\t\t<div class=\"elementor-field-type-email elementor-field-group elementor-column elementor-field-group-email48785 elementor-col-50 elementor-field-required elementor-mark-required\">\n\t\t\t\t\t\t\t\t\t\t\t\t<label for=\"form-field-email48785\" class=\"elementor-field-label\">\n\t\t\t\t\t\t\t\t<b>E-Mail<\/b>\t\t\t\t\t\t\t<\/label>\n\t\t\t\t\t\t\t\t\t\t\t\t\t\t<input size=\"1\" type=\"email\" name=\"form_fields[email48785]\" id=\"form-field-email48785\" class=\"elementor-field elementor-size-sm  elementor-field-textual\" required=\"required\">\n\t\t\t\t\t\t\t\t\t\t\t<\/div>\n\t\t\t\t\t\t\t\t<div class=\"elementor-field-type-tel elementor-field-group elementor-column elementor-field-group-field_989783 elementor-col-50 elementor-field-required elementor-mark-required\">\n\t\t\t\t\t\t\t\t\t\t\t\t<label for=\"form-field-field_989783\" class=\"elementor-field-label\">\n\t\t\t\t\t\t\t\t<b>Telefon<\/b>\t\t\t\t\t\t\t<\/label>\n\t\t\t\t\t\t\t\t<input size=\"1\" type=\"tel\" name=\"form_fields[field_989783]\" id=\"form-field-field_989783\" class=\"elementor-field elementor-size-sm  elementor-field-textual\" required=\"required\" pattern=\"[0-9()#&amp;+*-=.]+\" title=\"Nur Nummern oder Telefon-Zeichen (#, -, *, etc) werden akzeptiert.\">\n\n\t\t\t\t\t\t<\/div>\n\t\t\t\t\t\t\t\t<div class=\"elementor-field-type-text\">\n\t\t\t\t\t<input size=\"1\" type=\"text\" name=\"form_fields[field_0ddwd22]\" id=\"form-field-field_0ddwd22\" class=\"elementor-field elementor-size-sm \" style=\"display:none !important;\">\t\t\t\t<\/div>\n\t\t\t\t\t\t\t\t<div class=\"elementor-field-type-textarea elementor-field-group elementor-column elementor-field-group-message2332 elementor-col-100 elementor-field-required elementor-mark-required\">\n\t\t\t\t\t\t\t\t\t\t\t\t<label for=\"form-field-message2332\" class=\"elementor-field-label\">\n\t\t\t\t\t\t\t\t<b>Schreibe etwas \u00fcber dich<\/b>\t\t\t\t\t\t\t<\/label>\n\t\t\t\t\t\t<textarea class=\"elementor-field-textual elementor-field  elementor-size-sm\" name=\"form_fields[message2332]\" id=\"form-field-message2332\" rows=\"6\" required=\"required\"><\/textarea>\t\t\t\t<\/div>\n\t\t\t\t\t\t\t\t<div class=\"elementor-field-type-select elementor-field-group elementor-column elementor-field-group-field_cwwdc12 elementor-col-100 elementor-field-required elementor-mark-required\">\n\t\t\t\t\t\t\t<div class=\"elementor-field elementor-select-wrapper remove-before \">\n\t\t\t<div class=\"select-caret-down-wrapper\">\n\t\t\t\t<i aria-hidden=\"true\" class=\"eicon-caret-down\"><\/i>\t\t\t<\/div>\n\t\t\t<select name=\"form_fields[field_cwwdc12]\" id=\"form-field-field_cwwdc12\" class=\"elementor-field-textual elementor-size-sm\" required=\"required\">\n\t\t\t\t\t\t\t\t\t<option value=\"Ich bin Friseur\/-in\">Ich bin Friseur\/-in<\/option>\n\t\t\t\t\t\t\t\t\t<option value=\"Ich bin Meister\/-in\">Ich bin Meister\/-in<\/option>\n\t\t\t\t\t\t\t\t\t<option value=\"Ich bin Quereinsteiger\">Ich bin Quereinsteiger<\/option>\n\t\t\t\t\t\t\t\t\t<option value=\"Ich suche eine Ausbildung\">Ich suche eine Ausbildung<\/option>\n\t\t\t\t\t\t\t<\/select>\n\t\t<\/div>\n\t\t\t\t\t\t<\/div>\n\t\t\t\t\t\t\t\t<div class=\"elementor-field-type-acceptance elementor-field-group elementor-column elementor-field-group-field_ccdf678 elementor-col-100 elementor-field-required elementor-mark-required\">\n\t\t\t\t\t\t\t\t\t\t\t\t<label for=\"form-field-field_ccdf678\" class=\"elementor-field-label\">\n\t\t\t\t\t\t\t\t<b>Datenschutz<\/b>\t\t\t\t\t\t\t<\/label>\n\t\t\t\t\t\t\t\t<div class=\"elementor-field-subgroup\">\n\t\t\t<span class=\"elementor-field-option\">\n\t\t\t\t<input type=\"checkbox\" name=\"form_fields[field_ccdf678]\" id=\"form-field-field_ccdf678\" class=\"elementor-field elementor-size-sm  elementor-acceptance-field\" required=\"required\">\n\t\t\t\t<label for=\"form-field-field_ccdf678\"><b>Ich stimme zu, dass meine Angaben aus dem Kontaktformular zur Beantwortung meiner Anfrage erhoben und verarbeitet werden. Die Daten werden nach abgeschlossener Bearbeitung Ihrer Anfrage gel\u00f6scht. Hinweis: Sie k\u00f6nnen Ihre Einwilligung jederzeit f\u00fcr die Zukunft per E-Mail an info@jessica-scheler.de widerrufen. Detaillierte Informationen zum Umgang mit Nutzerdaten finden Sie in unserer Datenschutzerkl\u00e4rung.<\/b><\/label>\t\t\t<\/span>\n\t\t<\/div>\n\t\t\t\t\t\t<\/div>\n\t\t\t\t\t\t\t\t<div class=\"elementor-field-group elementor-column elementor-field-type-submit elementor-col-100 e-form__buttons\">\n\t\t\t\t\t<button class=\"elementor-button elementor-size-sm\" type=\"submit\">\n\t\t\t\t\t\t<span class=\"elementor-button-content-wrapper\">\n\t\t\t\t\t\t\t\t\t\t\t\t\t\t\t\t\t\t\t\t\t\t<span class=\"elementor-button-text\">Senden<\/span>\n\t\t\t\t\t\t\t\t\t\t\t\t\t<\/span>\n\t\t\t\t\t<\/button>\n\t\t\t\t<\/div>\n\t\t\t<\/div>\n\t\t<\/form>\n\t\t\t\t\t\t<\/div>\n\t\t\t\t<\/div>\n\t\t\t\t\t<\/div>\n\t\t<\/div>\n\t\t\t\t\t<\/div>\n\t\t<\/section>\n\t\t\t\t<\/div>\n\t\t","protected":false},"excerpt":{"rendered":"<p>Wir suchen Dich Werde Teil unseres Teams Du suchst eine neue Herausforderung und bist Friseur\/-in aus Leidenschaft?Du m\u00f6chtest gerne in einem modernen Salon arbeiten der dir unterschiedlichen Weiterbildungsm\u00f6glichkeiten anbietet? Und du bist ein Teamplayer und eine nette Teamatmosph\u00e4re ist dir wichtig? Dann bewirb&#8216; Dich jetzt und wir freuen uns jetzt schon Dich pers\u00f6nlich kennen zu [&hellip;]<\/p>\n","protected":false},"author":1,"featured_media":0,"parent":0,"menu_order":0,"comment_status":"closed","ping_status":"closed","template":"elementor_header_footer","meta":{"footnotes":""},"class_list":["post-52","page","type-page","status-publish","hentry"],"yoast_head":"<!-- This site is optimized with the Yoast SEO plugin v27.3 - https:\/\/yoast.com\/product\/yoast-seo-wordpress\/ -->\n<title>Jobs - Jessica Scheler - hair professionals - Neuss<\/title>\n<meta name=\"robots\" content=\"index, follow, max-snippet:-1, max-image-preview:large, max-video-preview:-1\" \/>\n<link rel=\"canonical\" href=\"https:\/\/jessica-scheler.de\/neuss\/jobs\/\" \/>\n<meta property=\"og:locale\" content=\"de_DE\" \/>\n<meta property=\"og:type\" content=\"article\" \/>\n<meta property=\"og:title\" content=\"Jobs - Jessica Scheler - hair professionals - Neuss\" \/>\n<meta property=\"og:description\" content=\"Wir suchen Dich Werde Teil unseres Teams Du suchst eine neue Herausforderung und bist Friseur\/-in aus Leidenschaft?Du m\u00f6chtest gerne in einem modernen Salon arbeiten der dir unterschiedlichen Weiterbildungsm\u00f6glichkeiten anbietet? Und du bist ein Teamplayer und eine nette Teamatmosph\u00e4re ist dir wichtig? Dann bewirb&#8216; Dich jetzt und wir freuen uns jetzt schon Dich pers\u00f6nlich kennen zu [&hellip;]\" \/>\n<meta property=\"og:url\" content=\"https:\/\/jessica-scheler.de\/neuss\/jobs\/\" \/>\n<meta property=\"og:site_name\" content=\"Jessica Scheler - hair professionals - Neuss\" \/>\n<meta property=\"article:modified_time\" content=\"2024-07-24T10:03:10+00:00\" \/>\n<meta name=\"twitter:card\" content=\"summary_large_image\" \/>\n<meta name=\"twitter:label1\" content=\"Gesch\u00e4tzte Lesezeit\" \/>\n\t<meta name=\"twitter:data1\" content=\"1\u00a0Minute\" \/>\n<script type=\"application\/ld+json\" class=\"yoast-schema-graph\">{\"@context\":\"https:\\\/\\\/schema.org\",\"@graph\":[{\"@type\":\"WebPage\",\"@id\":\"https:\\\/\\\/jessica-scheler.de\\\/neuss\\\/jobs\\\/\",\"url\":\"https:\\\/\\\/jessica-scheler.de\\\/neuss\\\/jobs\\\/\",\"name\":\"Jobs - Jessica Scheler - hair professionals - Neuss\",\"isPartOf\":{\"@id\":\"https:\\\/\\\/jessica-scheler.de\\\/neuss\\\/#website\"},\"datePublished\":\"2023-01-18T10:49:03+00:00\",\"dateModified\":\"2024-07-24T10:03:10+00:00\",\"breadcrumb\":{\"@id\":\"https:\\\/\\\/jessica-scheler.de\\\/neuss\\\/jobs\\\/#breadcrumb\"},\"inLanguage\":\"de\",\"potentialAction\":[{\"@type\":\"ReadAction\",\"target\":[\"https:\\\/\\\/jessica-scheler.de\\\/neuss\\\/jobs\\\/\"]}]},{\"@type\":\"BreadcrumbList\",\"@id\":\"https:\\\/\\\/jessica-scheler.de\\\/neuss\\\/jobs\\\/#breadcrumb\",\"itemListElement\":[{\"@type\":\"ListItem\",\"position\":1,\"name\":\"Startseite\",\"item\":\"https:\\\/\\\/jessica-scheler.de\\\/neuss\\\/\"},{\"@type\":\"ListItem\",\"position\":2,\"name\":\"Jobs\"}]},{\"@type\":\"WebSite\",\"@id\":\"https:\\\/\\\/jessica-scheler.de\\\/neuss\\\/#website\",\"url\":\"https:\\\/\\\/jessica-scheler.de\\\/neuss\\\/\",\"name\":\"Jessica Scheler - hair professionals - Neuss\",\"description\":\"Ihr Friseur in Neuss\",\"publisher\":{\"@id\":\"https:\\\/\\\/jessica-scheler.de\\\/neuss\\\/#organization\"},\"potentialAction\":[{\"@type\":\"SearchAction\",\"target\":{\"@type\":\"EntryPoint\",\"urlTemplate\":\"https:\\\/\\\/jessica-scheler.de\\\/neuss\\\/?s={search_term_string}\"},\"query-input\":{\"@type\":\"PropertyValueSpecification\",\"valueRequired\":true,\"valueName\":\"search_term_string\"}}],\"inLanguage\":\"de\"},{\"@type\":\"Organization\",\"@id\":\"https:\\\/\\\/jessica-scheler.de\\\/neuss\\\/#organization\",\"name\":\"Jessica Scheler - hair professionals - Neuss\",\"url\":\"https:\\\/\\\/jessica-scheler.de\\\/neuss\\\/\",\"logo\":{\"@type\":\"ImageObject\",\"inLanguage\":\"de\",\"@id\":\"https:\\\/\\\/jessica-scheler.de\\\/neuss\\\/#\\\/schema\\\/logo\\\/image\\\/\",\"url\":\"https:\\\/\\\/jessica-scheler.de\\\/neuss\\\/wp-content\\\/uploads\\\/sites\\\/4\\\/2023\\\/01\\\/Jessica_Scheler_Logo.png\",\"contentUrl\":\"https:\\\/\\\/jessica-scheler.de\\\/neuss\\\/wp-content\\\/uploads\\\/sites\\\/4\\\/2023\\\/01\\\/Jessica_Scheler_Logo.png\",\"width\":1000,\"height\":190,\"caption\":\"Jessica Scheler - hair professionals - Neuss\"},\"image\":{\"@id\":\"https:\\\/\\\/jessica-scheler.de\\\/neuss\\\/#\\\/schema\\\/logo\\\/image\\\/\"}}]}<\/script>\n<!-- \/ Yoast SEO plugin. -->","yoast_head_json":{"title":"Jobs - Jessica Scheler - hair professionals - Neuss","robots":{"index":"index","follow":"follow","max-snippet":"max-snippet:-1","max-image-preview":"max-image-preview:large","max-video-preview":"max-video-preview:-1"},"canonical":"https:\/\/jessica-scheler.de\/neuss\/jobs\/","og_locale":"de_DE","og_type":"article","og_title":"Jobs - Jessica Scheler - hair professionals - Neuss","og_description":"Wir suchen Dich Werde Teil unseres Teams Du suchst eine neue Herausforderung und bist Friseur\/-in aus Leidenschaft?Du m\u00f6chtest gerne in einem modernen Salon arbeiten der dir unterschiedlichen Weiterbildungsm\u00f6glichkeiten anbietet? Und du bist ein Teamplayer und eine nette Teamatmosph\u00e4re ist dir wichtig? Dann bewirb&#8216; Dich jetzt und wir freuen uns jetzt schon Dich pers\u00f6nlich kennen zu [&hellip;]","og_url":"https:\/\/jessica-scheler.de\/neuss\/jobs\/","og_site_name":"Jessica Scheler - hair professionals - Neuss","article_modified_time":"2024-07-24T10:03:10+00:00","twitter_card":"summary_large_image","twitter_misc":{"Gesch\u00e4tzte Lesezeit":"1\u00a0Minute"},"schema":{"@context":"https:\/\/schema.org","@graph":[{"@type":"WebPage","@id":"https:\/\/jessica-scheler.de\/neuss\/jobs\/","url":"https:\/\/jessica-scheler.de\/neuss\/jobs\/","name":"Jobs - Jessica Scheler - hair professionals - Neuss","isPartOf":{"@id":"https:\/\/jessica-scheler.de\/neuss\/#website"},"datePublished":"2023-01-18T10:49:03+00:00","dateModified":"2024-07-24T10:03:10+00:00","breadcrumb":{"@id":"https:\/\/jessica-scheler.de\/neuss\/jobs\/#breadcrumb"},"inLanguage":"de","potentialAction":[{"@type":"ReadAction","target":["https:\/\/jessica-scheler.de\/neuss\/jobs\/"]}]},{"@type":"BreadcrumbList","@id":"https:\/\/jessica-scheler.de\/neuss\/jobs\/#breadcrumb","itemListElement":[{"@type":"ListItem","position":1,"name":"Startseite","item":"https:\/\/jessica-scheler.de\/neuss\/"},{"@type":"ListItem","position":2,"name":"Jobs"}]},{"@type":"WebSite","@id":"https:\/\/jessica-scheler.de\/neuss\/#website","url":"https:\/\/jessica-scheler.de\/neuss\/","name":"Jessica Scheler - hair professionals - Neuss","description":"Ihr Friseur in Neuss","publisher":{"@id":"https:\/\/jessica-scheler.de\/neuss\/#organization"},"potentialAction":[{"@type":"SearchAction","target":{"@type":"EntryPoint","urlTemplate":"https:\/\/jessica-scheler.de\/neuss\/?s={search_term_string}"},"query-input":{"@type":"PropertyValueSpecification","valueRequired":true,"valueName":"search_term_string"}}],"inLanguage":"de"},{"@type":"Organization","@id":"https:\/\/jessica-scheler.de\/neuss\/#organization","name":"Jessica Scheler - hair professionals - Neuss","url":"https:\/\/jessica-scheler.de\/neuss\/","logo":{"@type":"ImageObject","inLanguage":"de","@id":"https:\/\/jessica-scheler.de\/neuss\/#\/schema\/logo\/image\/","url":"https:\/\/jessica-scheler.de\/neuss\/wp-content\/uploads\/sites\/4\/2023\/01\/Jessica_Scheler_Logo.png","contentUrl":"https:\/\/jessica-scheler.de\/neuss\/wp-content\/uploads\/sites\/4\/2023\/01\/Jessica_Scheler_Logo.png","width":1000,"height":190,"caption":"Jessica Scheler - hair professionals - Neuss"},"image":{"@id":"https:\/\/jessica-scheler.de\/neuss\/#\/schema\/logo\/image\/"}}]}},"_links":{"self":[{"href":"https:\/\/jessica-scheler.de\/neuss\/wp-json\/wp\/v2\/pages\/52","targetHints":{"allow":["GET"]}}],"collection":[{"href":"https:\/\/jessica-scheler.de\/neuss\/wp-json\/wp\/v2\/pages"}],"about":[{"href":"https:\/\/jessica-scheler.de\/neuss\/wp-json\/wp\/v2\/types\/page"}],"author":[{"embeddable":true,"href":"https:\/\/jessica-scheler.de\/neuss\/wp-json\/wp\/v2\/users\/1"}],"replies":[{"embeddable":true,"href":"https:\/\/jessica-scheler.de\/neuss\/wp-json\/wp\/v2\/comments?post=52"}],"version-history":[{"count":43,"href":"https:\/\/jessica-scheler.de\/neuss\/wp-json\/wp\/v2\/pages\/52\/revisions"}],"predecessor-version":[{"id":830,"href":"https:\/\/jessica-scheler.de\/neuss\/wp-json\/wp\/v2\/pages\/52\/revisions\/830"}],"wp:attachment":[{"href":"https:\/\/jessica-scheler.de\/neuss\/wp-json\/wp\/v2\/media?parent=52"}],"curies":[{"name":"wp","href":"https:\/\/api.w.org\/{rel}","templated":true}]}}