{"id":59,"date":"2023-01-18T11:50:37","date_gmt":"2023-01-18T10:50:37","guid":{"rendered":"https:\/\/update.jessica-scheler.de\/neuss\/?page_id=59"},"modified":"2024-07-24T12:04:12","modified_gmt":"2024-07-24T10:04:12","slug":"preise","status":"publish","type":"page","link":"https:\/\/jessica-scheler.de\/neuss\/preise\/","title":{"rendered":"Preise"},"content":{"rendered":"\t\t<div data-elementor-type=\"wp-page\" data-elementor-id=\"59\" class=\"elementor elementor-59\" data-elementor-post-type=\"page\">\n\t\t\t\t\t\t<section class=\"elementor-section elementor-top-section elementor-element elementor-element-20762215 elementor-section-full_width elementor-section-height-default elementor-section-height-default\" data-id=\"20762215\" data-element_type=\"section\" data-e-type=\"section\">\n\t\t\t\t\t\t<div class=\"elementor-container elementor-column-gap-no\">\n\t\t\t\t\t<div class=\"elementor-column elementor-col-100 elementor-top-column elementor-element elementor-element-4047f57a\" data-id=\"4047f57a\" data-element_type=\"column\" data-e-type=\"column\">\n\t\t\t<div class=\"elementor-widget-wrap elementor-element-populated\">\n\t\t\t\t\t\t<div class=\"elementor-element elementor-element-1bd73e2b elementor--h-position-center elementor--v-position-middle elementor-arrows-position-inside elementor-widget elementor-widget-slides\" data-id=\"1bd73e2b\" data-element_type=\"widget\" data-e-type=\"widget\" data-settings=\"{&quot;transition&quot;:&quot;fade&quot;,&quot;navigation&quot;:&quot;arrows&quot;,&quot;autoplay&quot;:&quot;yes&quot;,&quot;pause_on_hover&quot;:&quot;yes&quot;,&quot;pause_on_interaction&quot;:&quot;yes&quot;,&quot;autoplay_speed&quot;:5000,&quot;infinite&quot;:&quot;yes&quot;,&quot;transition_speed&quot;:500}\" data-widget_type=\"slides.default\">\n\t\t\t\t<div class=\"elementor-widget-container\">\n\t\t\t\t\t\t\t\t\t<div class=\"elementor-swiper\">\n\t\t\t\t\t<div class=\"elementor-slides-wrapper elementor-main-swiper swiper\" role=\"region\" aria-roledescription=\"carousel\" aria-label=\"Slider\" dir=\"ltr\" data-animation=\"fadeInUp\">\n\t\t\t\t<div class=\"swiper-wrapper elementor-slides\">\n\t\t\t\t\t\t\t\t\t\t<div class=\"elementor-repeater-item-a614e62 swiper-slide\" role=\"group\" aria-roledescription=\"slide\"><div class=\"swiper-slide-bg elementor-ken-burns elementor-ken-burns--out\" role=\"img\" aria-label=\"Salon Neuss\"><\/div><div class=\"elementor-background-overlay\"><\/div><div class=\"swiper-slide-inner\" ><div class=\"swiper-slide-contents\"><div class=\"elementor-slide-heading\">Unsere Preise<\/div><\/div><\/div><\/div>\t\t\t\t<\/div>\n\t\t\t\t\t\t\t<\/div>\n\t\t\t\t<\/div>\n\t\t\t\t\t\t\t\t<\/div>\n\t\t\t\t<\/div>\n\t\t\t\t\t<\/div>\n\t\t<\/div>\n\t\t\t\t\t<\/div>\n\t\t<\/section>\n\t\t\t\t<section class=\"elementor-section elementor-top-section elementor-element elementor-element-28e6e88f elementor-section-boxed elementor-section-height-default elementor-section-height-default\" data-id=\"28e6e88f\" data-element_type=\"section\" data-e-type=\"section\">\n\t\t\t\t\t\t<div class=\"elementor-container elementor-column-gap-no\">\n\t\t\t\t\t<div class=\"elementor-column elementor-col-100 elementor-top-column elementor-element elementor-element-7ac18cd9\" data-id=\"7ac18cd9\" data-element_type=\"column\" data-e-type=\"column\">\n\t\t\t<div class=\"elementor-widget-wrap elementor-element-populated\">\n\t\t\t\t\t\t<div class=\"elementor-element elementor-element-4dca98a4 elementor-widget elementor-widget-heading\" data-id=\"4dca98a4\" data-element_type=\"widget\" data-e-type=\"widget\" data-widget_type=\"heading.default\">\n\t\t\t\t<div class=\"elementor-widget-container\">\n\t\t\t\t\t<h1 class=\"elementor-heading-title elementor-size-default\">Preis\u00fcbersicht\n<\/h1>\t\t\t\t<\/div>\n\t\t\t\t<\/div>\n\t\t\t\t<div class=\"elementor-element elementor-element-49e815e4 elementor-widget-divider--view-line elementor-widget elementor-widget-divider\" data-id=\"49e815e4\" data-element_type=\"widget\" data-e-type=\"widget\" data-widget_type=\"divider.default\">\n\t\t\t\t<div class=\"elementor-widget-container\">\n\t\t\t\t\t\t\t<div class=\"elementor-divider\">\n\t\t\t<span class=\"elementor-divider-separator\">\n\t\t\t\t\t\t<\/span>\n\t\t<\/div>\n\t\t\t\t\t\t<\/div>\n\t\t\t\t<\/div>\n\t\t\t\t<div class=\"elementor-element elementor-element-258bc728 elementor-widget elementor-widget-text-editor\" data-id=\"258bc728\" data-element_type=\"widget\" data-e-type=\"widget\" data-widget_type=\"text-editor.default\">\n\t\t\t\t<div class=\"elementor-widget-container\">\n\t\t\t\t\t\t\t\t\t<p>Bei R\u00fcckfragen zu unseren Vorteilspaketen stehen wir gerne zur Verf\u00fcgung.<\/p>\t\t\t\t\t\t\t\t<\/div>\n\t\t\t\t<\/div>\n\t\t\t\t<div class=\"elementor-element elementor-element-51d20eab elementor-widget elementor-widget-image\" data-id=\"51d20eab\" data-element_type=\"widget\" data-e-type=\"widget\" data-widget_type=\"image.default\">\n\t\t\t\t<div class=\"elementor-widget-container\">\n\t\t\t\t\t\t\t\t\t\t\t\t\t\t\t<img fetchpriority=\"high\" decoding=\"async\" width=\"5906\" height=\"8235\" src=\"https:\/\/jessica-scheler.de\/neuss\/wp-content\/uploads\/sites\/4\/2023\/10\/Jessica_Scheler_Neuss_Preisbanner_100x150.png\" class=\"attachment-full size-full wp-image-767\" alt=\"\" srcset=\"https:\/\/jessica-scheler.de\/neuss\/wp-content\/uploads\/sites\/4\/2023\/10\/Jessica_Scheler_Neuss_Preisbanner_100x150.png 5906w, https:\/\/jessica-scheler.de\/neuss\/wp-content\/uploads\/sites\/4\/2023\/10\/Jessica_Scheler_Neuss_Preisbanner_100x150-215x300.png 215w, https:\/\/jessica-scheler.de\/neuss\/wp-content\/uploads\/sites\/4\/2023\/10\/Jessica_Scheler_Neuss_Preisbanner_100x150-734x1024.png 734w, https:\/\/jessica-scheler.de\/neuss\/wp-content\/uploads\/sites\/4\/2023\/10\/Jessica_Scheler_Neuss_Preisbanner_100x150-768x1071.png 768w, https:\/\/jessica-scheler.de\/neuss\/wp-content\/uploads\/sites\/4\/2023\/10\/Jessica_Scheler_Neuss_Preisbanner_100x150-1102x1536.png 1102w, https:\/\/jessica-scheler.de\/neuss\/wp-content\/uploads\/sites\/4\/2023\/10\/Jessica_Scheler_Neuss_Preisbanner_100x150-1469x2048.png 1469w\" sizes=\"(max-width: 5906px) 100vw, 5906px\" \/>\t\t\t\t\t\t\t\t\t\t\t\t\t\t\t<\/div>\n\t\t\t\t<\/div>\n\t\t\t\t\t<\/div>\n\t\t<\/div>\n\t\t\t\t\t<\/div>\n\t\t<\/section>\n\t\t\t\t<\/div>\n\t\t","protected":false},"excerpt":{"rendered":"<p>Unsere Preise Preis\u00fcbersicht Bei R\u00fcckfragen zu unseren Vorteilspaketen stehen wir gerne zur Verf\u00fcgung.<\/p>\n","protected":false},"author":1,"featured_media":0,"parent":0,"menu_order":0,"comment_status":"closed","ping_status":"closed","template":"elementor_header_footer","meta":{"footnotes":""},"class_list":["post-59","page","type-page","status-publish","hentry"],"yoast_head":"<!-- This site is optimized with the Yoast SEO plugin v27.3 - https:\/\/yoast.com\/product\/yoast-seo-wordpress\/ -->\n<title>Preise - Jessica Scheler - hair professionals - Neuss<\/title>\n<meta name=\"robots\" content=\"index, follow, max-snippet:-1, max-image-preview:large, max-video-preview:-1\" \/>\n<link rel=\"canonical\" href=\"https:\/\/jessica-scheler.de\/neuss\/preise\/\" \/>\n<meta property=\"og:locale\" content=\"de_DE\" \/>\n<meta property=\"og:type\" content=\"article\" \/>\n<meta property=\"og:title\" content=\"Preise - Jessica Scheler - hair professionals - Neuss\" \/>\n<meta property=\"og:description\" content=\"Unsere Preise Preis\u00fcbersicht Bei R\u00fcckfragen zu unseren Vorteilspaketen stehen wir gerne zur Verf\u00fcgung.\" \/>\n<meta property=\"og:url\" content=\"https:\/\/jessica-scheler.de\/neuss\/preise\/\" \/>\n<meta property=\"og:site_name\" content=\"Jessica Scheler - hair professionals - Neuss\" \/>\n<meta property=\"article:modified_time\" content=\"2024-07-24T10:04:12+00:00\" \/>\n<meta property=\"og:image\" content=\"https:\/\/jessica-scheler.de\/neuss\/wp-content\/uploads\/sites\/4\/2023\/10\/Jessica_Scheler_Neuss_Preisbanner_100x150.png\" \/>\n<meta name=\"twitter:card\" content=\"summary_large_image\" \/>\n<meta name=\"twitter:label1\" content=\"Gesch\u00e4tzte Lesezeit\" \/>\n\t<meta name=\"twitter:data1\" content=\"1\u00a0Minute\" \/>\n<script type=\"application\/ld+json\" class=\"yoast-schema-graph\">{\"@context\":\"https:\\\/\\\/schema.org\",\"@graph\":[{\"@type\":\"WebPage\",\"@id\":\"https:\\\/\\\/jessica-scheler.de\\\/neuss\\\/preise\\\/\",\"url\":\"https:\\\/\\\/jessica-scheler.de\\\/neuss\\\/preise\\\/\",\"name\":\"Preise - Jessica Scheler - hair professionals - Neuss\",\"isPartOf\":{\"@id\":\"https:\\\/\\\/jessica-scheler.de\\\/neuss\\\/#website\"},\"primaryImageOfPage\":{\"@id\":\"https:\\\/\\\/jessica-scheler.de\\\/neuss\\\/preise\\\/#primaryimage\"},\"image\":{\"@id\":\"https:\\\/\\\/jessica-scheler.de\\\/neuss\\\/preise\\\/#primaryimage\"},\"thumbnailUrl\":\"https:\\\/\\\/jessica-scheler.de\\\/neuss\\\/wp-content\\\/uploads\\\/sites\\\/4\\\/2023\\\/10\\\/Jessica_Scheler_Neuss_Preisbanner_100x150.png\",\"datePublished\":\"2023-01-18T10:50:37+00:00\",\"dateModified\":\"2024-07-24T10:04:12+00:00\",\"breadcrumb\":{\"@id\":\"https:\\\/\\\/jessica-scheler.de\\\/neuss\\\/preise\\\/#breadcrumb\"},\"inLanguage\":\"de\",\"potentialAction\":[{\"@type\":\"ReadAction\",\"target\":[\"https:\\\/\\\/jessica-scheler.de\\\/neuss\\\/preise\\\/\"]}]},{\"@type\":\"ImageObject\",\"inLanguage\":\"de\",\"@id\":\"https:\\\/\\\/jessica-scheler.de\\\/neuss\\\/preise\\\/#primaryimage\",\"url\":\"https:\\\/\\\/jessica-scheler.de\\\/neuss\\\/wp-content\\\/uploads\\\/sites\\\/4\\\/2023\\\/10\\\/Jessica_Scheler_Neuss_Preisbanner_100x150.png\",\"contentUrl\":\"https:\\\/\\\/jessica-scheler.de\\\/neuss\\\/wp-content\\\/uploads\\\/sites\\\/4\\\/2023\\\/10\\\/Jessica_Scheler_Neuss_Preisbanner_100x150.png\",\"width\":5906,\"height\":8235},{\"@type\":\"BreadcrumbList\",\"@id\":\"https:\\\/\\\/jessica-scheler.de\\\/neuss\\\/preise\\\/#breadcrumb\",\"itemListElement\":[{\"@type\":\"ListItem\",\"position\":1,\"name\":\"Startseite\",\"item\":\"https:\\\/\\\/jessica-scheler.de\\\/neuss\\\/\"},{\"@type\":\"ListItem\",\"position\":2,\"name\":\"Preise\"}]},{\"@type\":\"WebSite\",\"@id\":\"https:\\\/\\\/jessica-scheler.de\\\/neuss\\\/#website\",\"url\":\"https:\\\/\\\/jessica-scheler.de\\\/neuss\\\/\",\"name\":\"Jessica Scheler - hair professionals - Neuss\",\"description\":\"Ihr Friseur in Neuss\",\"publisher\":{\"@id\":\"https:\\\/\\\/jessica-scheler.de\\\/neuss\\\/#organization\"},\"potentialAction\":[{\"@type\":\"SearchAction\",\"target\":{\"@type\":\"EntryPoint\",\"urlTemplate\":\"https:\\\/\\\/jessica-scheler.de\\\/neuss\\\/?s={search_term_string}\"},\"query-input\":{\"@type\":\"PropertyValueSpecification\",\"valueRequired\":true,\"valueName\":\"search_term_string\"}}],\"inLanguage\":\"de\"},{\"@type\":\"Organization\",\"@id\":\"https:\\\/\\\/jessica-scheler.de\\\/neuss\\\/#organization\",\"name\":\"Jessica Scheler - hair professionals - Neuss\",\"url\":\"https:\\\/\\\/jessica-scheler.de\\\/neuss\\\/\",\"logo\":{\"@type\":\"ImageObject\",\"inLanguage\":\"de\",\"@id\":\"https:\\\/\\\/jessica-scheler.de\\\/neuss\\\/#\\\/schema\\\/logo\\\/image\\\/\",\"url\":\"https:\\\/\\\/jessica-scheler.de\\\/neuss\\\/wp-content\\\/uploads\\\/sites\\\/4\\\/2023\\\/01\\\/Jessica_Scheler_Logo.png\",\"contentUrl\":\"https:\\\/\\\/jessica-scheler.de\\\/neuss\\\/wp-content\\\/uploads\\\/sites\\\/4\\\/2023\\\/01\\\/Jessica_Scheler_Logo.png\",\"width\":1000,\"height\":190,\"caption\":\"Jessica Scheler - hair professionals - Neuss\"},\"image\":{\"@id\":\"https:\\\/\\\/jessica-scheler.de\\\/neuss\\\/#\\\/schema\\\/logo\\\/image\\\/\"}}]}<\/script>\n<!-- \/ Yoast SEO plugin. -->","yoast_head_json":{"title":"Preise - Jessica Scheler - hair professionals - Neuss","robots":{"index":"index","follow":"follow","max-snippet":"max-snippet:-1","max-image-preview":"max-image-preview:large","max-video-preview":"max-video-preview:-1"},"canonical":"https:\/\/jessica-scheler.de\/neuss\/preise\/","og_locale":"de_DE","og_type":"article","og_title":"Preise - Jessica Scheler - hair professionals - Neuss","og_description":"Unsere Preise Preis\u00fcbersicht Bei R\u00fcckfragen zu unseren Vorteilspaketen stehen wir gerne zur Verf\u00fcgung.","og_url":"https:\/\/jessica-scheler.de\/neuss\/preise\/","og_site_name":"Jessica Scheler - hair professionals - Neuss","article_modified_time":"2024-07-24T10:04:12+00:00","og_image":[{"url":"https:\/\/jessica-scheler.de\/neuss\/wp-content\/uploads\/sites\/4\/2023\/10\/Jessica_Scheler_Neuss_Preisbanner_100x150.png","type":"","width":"","height":""}],"twitter_card":"summary_large_image","twitter_misc":{"Gesch\u00e4tzte Lesezeit":"1\u00a0Minute"},"schema":{"@context":"https:\/\/schema.org","@graph":[{"@type":"WebPage","@id":"https:\/\/jessica-scheler.de\/neuss\/preise\/","url":"https:\/\/jessica-scheler.de\/neuss\/preise\/","name":"Preise - Jessica Scheler - hair professionals - Neuss","isPartOf":{"@id":"https:\/\/jessica-scheler.de\/neuss\/#website"},"primaryImageOfPage":{"@id":"https:\/\/jessica-scheler.de\/neuss\/preise\/#primaryimage"},"image":{"@id":"https:\/\/jessica-scheler.de\/neuss\/preise\/#primaryimage"},"thumbnailUrl":"https:\/\/jessica-scheler.de\/neuss\/wp-content\/uploads\/sites\/4\/2023\/10\/Jessica_Scheler_Neuss_Preisbanner_100x150.png","datePublished":"2023-01-18T10:50:37+00:00","dateModified":"2024-07-24T10:04:12+00:00","breadcrumb":{"@id":"https:\/\/jessica-scheler.de\/neuss\/preise\/#breadcrumb"},"inLanguage":"de","potentialAction":[{"@type":"ReadAction","target":["https:\/\/jessica-scheler.de\/neuss\/preise\/"]}]},{"@type":"ImageObject","inLanguage":"de","@id":"https:\/\/jessica-scheler.de\/neuss\/preise\/#primaryimage","url":"https:\/\/jessica-scheler.de\/neuss\/wp-content\/uploads\/sites\/4\/2023\/10\/Jessica_Scheler_Neuss_Preisbanner_100x150.png","contentUrl":"https:\/\/jessica-scheler.de\/neuss\/wp-content\/uploads\/sites\/4\/2023\/10\/Jessica_Scheler_Neuss_Preisbanner_100x150.png","width":5906,"height":8235},{"@type":"BreadcrumbList","@id":"https:\/\/jessica-scheler.de\/neuss\/preise\/#breadcrumb","itemListElement":[{"@type":"ListItem","position":1,"name":"Startseite","item":"https:\/\/jessica-scheler.de\/neuss\/"},{"@type":"ListItem","position":2,"name":"Preise"}]},{"@type":"WebSite","@id":"https:\/\/jessica-scheler.de\/neuss\/#website","url":"https:\/\/jessica-scheler.de\/neuss\/","name":"Jessica Scheler - hair professionals - Neuss","description":"Ihr Friseur in Neuss","publisher":{"@id":"https:\/\/jessica-scheler.de\/neuss\/#organization"},"potentialAction":[{"@type":"SearchAction","target":{"@type":"EntryPoint","urlTemplate":"https:\/\/jessica-scheler.de\/neuss\/?s={search_term_string}"},"query-input":{"@type":"PropertyValueSpecification","valueRequired":true,"valueName":"search_term_string"}}],"inLanguage":"de"},{"@type":"Organization","@id":"https:\/\/jessica-scheler.de\/neuss\/#organization","name":"Jessica Scheler - hair professionals - Neuss","url":"https:\/\/jessica-scheler.de\/neuss\/","logo":{"@type":"ImageObject","inLanguage":"de","@id":"https:\/\/jessica-scheler.de\/neuss\/#\/schema\/logo\/image\/","url":"https:\/\/jessica-scheler.de\/neuss\/wp-content\/uploads\/sites\/4\/2023\/01\/Jessica_Scheler_Logo.png","contentUrl":"https:\/\/jessica-scheler.de\/neuss\/wp-content\/uploads\/sites\/4\/2023\/01\/Jessica_Scheler_Logo.png","width":1000,"height":190,"caption":"Jessica Scheler - hair professionals - Neuss"},"image":{"@id":"https:\/\/jessica-scheler.de\/neuss\/#\/schema\/logo\/image\/"}}]}},"_links":{"self":[{"href":"https:\/\/jessica-scheler.de\/neuss\/wp-json\/wp\/v2\/pages\/59","targetHints":{"allow":["GET"]}}],"collection":[{"href":"https:\/\/jessica-scheler.de\/neuss\/wp-json\/wp\/v2\/pages"}],"about":[{"href":"https:\/\/jessica-scheler.de\/neuss\/wp-json\/wp\/v2\/types\/page"}],"author":[{"embeddable":true,"href":"https:\/\/jessica-scheler.de\/neuss\/wp-json\/wp\/v2\/users\/1"}],"replies":[{"embeddable":true,"href":"https:\/\/jessica-scheler.de\/neuss\/wp-json\/wp\/v2\/comments?post=59"}],"version-history":[{"count":19,"href":"https:\/\/jessica-scheler.de\/neuss\/wp-json\/wp\/v2\/pages\/59\/revisions"}],"predecessor-version":[{"id":839,"href":"https:\/\/jessica-scheler.de\/neuss\/wp-json\/wp\/v2\/pages\/59\/revisions\/839"}],"wp:attachment":[{"href":"https:\/\/jessica-scheler.de\/neuss\/wp-json\/wp\/v2\/media?parent=59"}],"curies":[{"name":"wp","href":"https:\/\/api.w.org\/{rel}","templated":true}]}}